?
13
Calculate the greatest common factor of 143 and 88.
11
What is the highest common divisor of 2955 and 120?
15
Calculate the greatest common divisor of 284 and 4.
4
What is the greatest common factor of 150 and 2775?
75
What is the highest common divisor of 5 and 285?
5
What is the highest common divisor of 68 and 8?
4
What is the greatest common factor of 143 and 2453?
11
Calculate the greatest common divisor of 7 and 371.
7
Calculate the greatest common factor of 624 and 1452.
12
What is the greatest common factor of 76 and 2071?
19
What is the highest common factor of 1 and 19?
1
What is the highest common divisor of 54373 and 11?
11
What is the highest common divisor of 1 and 67?
1
Calculate the highest common divisor of 48 and 240.
48
What is the greatest common divisor of 20 and 745?
5
What is the highest common factor of 259 and 721?
7
What is the highest common factor of 378 and 175?
7
Calculate the greatest common divisor of 10 and 5220.
10
What is the greatest common divisor of 35 and 5?
5
What is the greatest common divisor of 28 and 1204?
28
Calculate the greatest common factor of 529 and 46.
23
Calculate the greatest common factor of 30 and 36.
6
What is the highest common factor of 75 and 15?
15
Calculate the greatest common divisor of 5 and 45.
5
Calculate the greatest common divisor of 23 and 759.
23
Calculate the highest common divisor of 374 and 68.
34
Calculate the greatest common divisor of 5127 and 3.
3
Calculate the greatest common factor of 31 and 5549.
31
What is the highest common factor of 64 and 736?
32
Calculate the highest common factor of 145 and 35235.
145
Calculate the highest common divisor of 78 and 6.
6
Calculate the greatest common divisor of 190 and 1250.
10
Calculate the greatest common divisor of 695 and 5.
5
What is the greatest common factor of 3156 and 84?
12
What is the highest common factor of 130 and 145?
5
What is the highest common factor of 201 and 6?
3
What is the highest common factor of 68 and 578?
34
Calculate the greatest common factor of 12 and 96.
12
Calculate the greatest common divisor of 60 and 140.
20
Calculate the highest common factor of 30 and 6495.
15
What is the highest common factor of 45 and 90?
45
Calculate the greatest common factor of 69 and 24656.
23
What is the greatest common factor of 1392 and 1218?
174
Calculate the greatest common factor of 196 and 4.
4
What is the greatest common divisor of 38 and 76?
38
What is the greatest common factor of 76146 and 222?
222
Calculate the greatest common divisor of 527 and 136.
17
What is the highest common factor of 25 and 15?
5
Calculate the highest common divisor of 1610 and 420.
70
What is the greatest common divisor of 126 and 12?
6
What is the highest common divisor of 54 and 1098?
18
What is the highest common factor of 36942 and 141?
141
What is the highest common factor of 2653 and 7?
7
What is the greatest common factor of 2 and 62?
2
What is the greatest common factor of 3952 and 52?
52
Calculate the highest common divisor of 63 and 3.
3
What is the highest common divisor of 32 and 12448?
32
What is the highest common factor of 1360 and 80?
80
Calculate the highest common divisor of 1022 and 1971.
73
What is the greatest common divisor of 57 and 95?
19
What is the highest common divisor of 28 and 448?
28
What is the greatest common factor of 573 and 1528?
191
What is the greatest common divisor of 437 and 23?
23
Calculate the greatest common divisor of 2547 and 9.
9
Calculate the greatest common factor of 10 and 320.
10
What is the greatest common factor of 88 and 21384?
88
Calculate the greatest common factor of 112 and 64.
16
Calculate the greatest common factor of 714 and 126.
42
What is the greatest common factor of 1750 and 25?
25
Calculate the greatest common factor of 1770 and 165.
15
Calculate the highest common divisor of 726 and 11.
11
Calculate the highest common factor of 6582 and 6.
6
What is the greatest common factor of 85 and 68?
17
Calculate the highest common divisor of 70 and 315.
35
Calculate the highest common divisor of 3 and 6.
3
What is the greatest common divisor of 1974 and 54?
6
Calculate the highest common divisor of 1377 and 51.
51
What is the greatest common divisor of 255 and 663?
51
Calculate the highest common divisor of 135 and 29025.
135
What is the highest common divisor of 770 and 140?
70
Calculate the highest common divisor of 66 and 1221.
33
What is the highest common divisor of 275 and 6820?
55
What is the highest common divisor of 51 and 901?
17
What is the greatest common divisor of 22 and 33?
11
What is the greatest common divisor of 176 and 2618?
22
What is the highest common divisor of 120 and 4584?
24
Calculate the highest common divisor of 126 and 639.
9
What is the highest common factor of 45 and 5175?
45
What is the highest common divisor of 11776 and 92?
92
Calculate the highest common factor of 16 and 1124.
4
What is the highest common factor of 88 and 5841?
11
Calculate the highest common factor of 369 and 9.
9
What is the highest common factor of 126 and 18438?
42
Calculate the greatest common divisor of 3168 and 24.
24
What is the highest common divisor of 58 and 6?
2
What is the highest common divisor of 10 and 41?
1
What is the highest common factor of 12 and 195?
3
What is the highest common divisor of 84 and 156?
12
What is the greatest common divisor of 1221 and 66?
33
What is the greatest common factor of 71 and 2485?
71
Calculate the highest common divisor of 1280 and 2048.
256
What is the highest common factor of 160 and 8560?
80
What is the highest common divisor of 272 and 16?
16
Calculate the greatest common factor of 135 and 1305.
45
Calculate the highest common factor of 42 and 72.
6
What is the highest common factor of 69 and 3?
3
Calculate the highest common divisor of 195 and 4875.
195
Calculate the greatest common divisor of 60 and 72.
12
Calculate the highest common divisor of 220 and 275.
55
Calculate the greatest common divisor of 88 and 54.
2
Calculate the highest common factor of 4715 and 41.
41
Calculate the greatest common factor of 98 and 22589.
49
What is the highest common factor of 1452 and 308?
44
What is the highest common divisor of 3562 and 4658?
274
What is the greatest common factor of 600 and 1950?
150
Calculate the greatest common divisor of 60 and 75.
15
Calculate the highest common factor of 42 and 448.
14
Calculate the greatest common divisor of 3128 and 2024.
184
What is the highest common factor of 52 and 325?
13
Calculate the greatest common divisor of 189 and 168.
21
Calculate the highest common divisor of 675 and 25.
25
What is the highest common factor of 57 and 836?
19
Calculate the highest common divisor of 27 and 6.
3
What is the highest common divisor of 168 and 448?
56
What is the greatest common factor of 1888 and 32?
32
What is the greatest common divisor of 1156 and 612?
68
What is the highest common factor of 200 and 32250?
50
Calculate the greatest common factor of 8 and 1016.
8
Calculate the highest common factor of 10 and 12100.
10
What is the highest common divisor of 3513 and 33?
3
What is the highest common divisor of 2208 and 240?
48
Calculate the highest common factor of 32747 and 229.
229
Calculate the greatest common divisor of 31 and 837.
31
What is the greatest common factor of 1143 and 254?
127
What is the highest common divisor of 15615 and 45?
45
Calculate the greatest common divisor of 2 and 1439.
1
Calculate the greatest common factor of 72 and 152.
8
What is the greatest common divisor of 2678 and 26?
26
What is the highest common divisor of 214 and 749?
107
What is the highest common factor of 760 and 230?
10
What is the highest common factor of 2322 and 54?
54
What is the highest common divisor of 15 and 210?
15
Calculate the highest common factor of 1824 and 57.
57
Calculate the greatest common divisor of 25 and 28600.
25
What is the highest common divisor of 250 and 3425?
25
Calculate the greatest common divisor of 371 and 53.
53
What is the highest common divisor of 33 and 825?
33
Calculate the greatest common divisor of 126 and 266.
14
Calculate the highest common factor of 531 and 27.
9
Calculate the highest common factor of 57 and 323.
19
Calculate the highest common divisor of 13 a